n factor of x and 44.
22
Let a(u) = 2*u**2 + 8*u + 18. Let s be a(-7). Suppose 5*z - 21 - 39 = 0. Calculate the greatest common divisor of z and s.
12
Suppose -243 = -15*v + 6*v. Let u be -18*4/(-8)*1. What is the highest common factor of u and v?
9
Let m be (17/15 + 4/(-30))*10. Calculate the highest common factor of 20 and m.
10
Suppose -30*q + 3*s - 4571 = -34*q, -5705 = -5*q - 2*s. What is the greatest common divisor of q and 17?
17
Suppose -22*k + 16*k = -6. Let o be (1/(-3)*k)/((-4)/1452). Calculate the greatest common factor of 22 and o.
11
Suppose -4*i = -3*y + 4990, -4*i - 3*y - 3541 - 1437 = 0. Let v be (-5)/(105/i) + (-4)/(-6). Calculate the greatest common factor of 6 and v.
6
Suppose 0 = -3*s + 159 - 120. Let r be (-704)/(-6) + 1/(-3). Calculate the greatest common divisor of r and s.
13
Suppose 2*o = 5*q + 7, -43 = -5*o + 4*q - 0*q. Calculate the highest common factor of 759 and o.
11
Let p(z) = z**2 - 9*z - 9. Let k be 50/(-4)*4/(-5). Let l be p(k). Calculate the greatest common factor of 5 and l.
1
Let q = 391 - 387. Calculate the highest common divisor of q and 1016.
4
Let p(j) = 5*j**2 - 3*j - 1. Let z be p(-2). Let v = -372 + 607. Let i = v - 60. What is the highest common factor of i and z?
25
Let u be (-9)/((-1)/4 + (-1665)/(-6900)). What is the greatest common divisor of u and 9?
9
Suppose 2*q = 5*q + 3*g - 1827, 4*q + 3*g = 2439. What is the highest common factor of q and 36?
36
Let h(l) = 17*l + 145. Let y be h(-7). What is the greatest common factor of y and 247?
13
Suppose -4*o + 2*g + 26 = 0, -42*o + 40*o + 16 = -4*g. Let r be -2*(-1 + (-8)/1). Calculate the highest common factor of r and o.
6
Let b be (-788)/(-7) + (-6)/(-14). Suppose -27 = -4*s + b. Suppose -5*q + s = -45. What is the greatest common factor of q and 48?
16
Suppose 0 = n + 3*r - 42, 72*n - 70*n + 2*r = 68. What is the highest common divisor of n and 440?
10
Suppose -2*z - 22 = 6*p - 8*p, z + 23 = 3*p. What is the greatest common divisor of p and 3?
3
Suppose 249*v - 244*v - 40 = 0. Let a(r) = 2 + 4 + 9*r - 2. Let h be a(v). What is the greatest common factor of 19 and h?
19
Suppose 8 = -p - 4*q, -5*p - 2 = -3*q + 4*q. Let c = 5 + p. Suppose -c*f + 218 = 78. Calculate the highest common divisor of f and 14.
14
Let w(m) = -2*m**2 - 7*m - 9. Let z be w(-6). Let o = z + 44. Suppose 66 = o*i - 24. What is the highest common divisor of i and 18?
18
Suppose 5*z + 1 = -5*l + 21, -5*l = 10. Let u be 3/2*36/z. Let f = 11 - 10. What is the greatest common divisor of f and u?
1
Let o = -292 + 196. Let k = 161 + o. What is the greatest common divisor of 39 and k?
13
Suppose -3*g + 3*h + 25 = -g, -5 = g + 2*h. Let o = -47 - -102. Calculate the highest common factor of g and o.
5
Suppose -3*z = -z - 120. Suppose 5*d - 30 = z. What is the highest common divisor of d and 18?
18
Suppose 2*m - 1795 = 653. Calculate the greatest common divisor of m and 68.
68
Let j be 2/(-7) + 64/28. Let g(l) = 5*l**2 - 2*l. Let p be g(j). What is the highest common divisor of 32 and p?
16
Let b be (((-66)/(-18))/(-1))/((-2)/78). Calculate the highest common factor of 13 and b.
13
Let g(r) be the third derivative of -r**6/120 - r**5/60 + 5*r**4/24 - 191*r**2. Let l = 0 + -4. Let n be g(l). Calculate the greatest common factor of n and 42.
14
Let w(a) = 2*a**2 + 14*a - 88. Let v be w(-31). What is the greatest common factor of 56 and v?
56
Suppose 3*x - 4*y = -y + 6, 0 = y + 2. Suppose 3*g - g - 72 = x. Calculate the highest common divisor of 324 and g.
36
Let b(g) = -g**3 - 20*g**2 + 22*g + 32. Let u be b(-21). Let w = 53 - -24. Calculate the highest common factor of w and u.
11
Let h = -319 + 328. What is the greatest common factor of 33 and h?
3
Suppose -4*l - 2*t = -t - 2431, t = 5*l - 3041. Suppose l = 9*f - 400. Calculate the greatest common factor of f and 16.
16
Suppose -f + 210 = 2*b, -5*b - 2*f + 5*f = -514. Suppose -26 = -0*g - 2*g. Calculate the greatest common divisor of b and g.
13
Let k(d) = -d**3 + 11*d**2 - 9*d + 10. Let w be k(9). Let t = w - 81. Calculate the greatest common factor of t and 190.
10
Let s(u) = u**3 + 30*u**2 + 48*u + 28. Let w be s(-28). Calculate the highest common divisor of 54 and w.
18
Let i(w) = 20*w + 3. Let n be i(3). Suppose -4*o = 5*v - 113, 2*o + 2*o - n = 5*v. What is the greatest common divisor of 176 and o?
22
Let t(h) = h**3 + 4*h**2 - 2*h - 4. Let w be t(-4). Let s = -61 - -279. Suppose -s = -6*x - 26. Calculate the greatest common factor of x and w.
4
Let a = 25 - 30. Let g(m) = m**2 + 5*m + 1. Let r be g(a). What is the highest common divisor of r and 13?
1
Let p = 299 + -274. Let z(m) = -9*m + 1. Let w be z(-1). Calculate the greatest common factor of p and w.
5
Let b(y) be the third derivative of y**5/60 - y**4/4 - 8*y**3/3 - 2*y**2. Let d be b(-10). What is the highest common factor of d and 16?
16
Let t be 13*5 - (-56)/7. Calculate the greatest common factor of 1022 and t.
73
Let w(q) = q**3 + q**2 - 5*q + 63. Let h be w(0). What is the highest common factor of h and 7?
7
Suppose 5*o + 9 = -1. Let f be (-2)/12 + o/(-12). Suppose 5*j = -f*w - 3*w + 28, j - 1 = 4*w. What is the highest common factor of w and 7?
1
Suppose 0 = n - 5*i - 37, 0*n - 3*i - 51 = -3*n. What is the highest common divisor of n and 48?
12
Let n(v) = -v**2 + 5*v - 1. Let l be n(4). Let o be l + 7/((-21)/30). Let i be o - -9 - (0 + -34). Calculate the greatest common divisor of 4 and i.
4
Let y be 13 + 3 - (0 - -1). Suppose -3*s + 2*s = -2. Let m be (-122)/(-4) - s/4. Calculate the greatest common factor of y and m.
15
Let g(m) = 6*m + 42. Let o be g(-6). What is the greatest common factor of o and 96?
6
Let y(s) = -s**2 - 20*s - 55. Let r be y(-16). Let p = 40 + -13. Calculate the greatest common factor of r and p.
9
Let a be (370/(-9))/(-5) - (-8)/(-36). Let l be 74/a - (-10)/(-40). What is the highest common divisor of l and 9?
9
Suppose -5*a + 4 = -6*o + 3*o, -2*o + 6 = a. Calculate the highest common factor of a and 50.
2
Suppose -m + 6 = -5. Let d = m + -4. Let z be (-1 - 6)*(d + -8). What is the greatest common factor of 28 and z?
7
Suppose 0*z - 5*z = -15. Suppose 0 = q - 4*d + 5 + z, -2*q - d = -20. Let u = -14 + 26. What is the greatest common factor of u and q?
4
Let a = -687 + 693. What is the greatest common divisor of a and 222?
6
Suppose -55*n = -57*n + 108. Let u = -42 + n. Calculate the greatest common divisor of u and 6.
6
Let l = 89 + -53. Suppose -l = t + 2*t. Let w be (-77)/(0 + 4/t). Calculate the highest common factor of 21 and w.
21
Suppose 0 = -4*b + 75 + 81. Suppose 5*m - 31 = b. What is the greatest common divisor of 7 and m?
7
Let v(s) = s**3 - 20*s**2 + 21*s - 19. Let q be v(19). Calculate the greatest common factor of q and 133.
19
Let c = 131 + -110. Let a(t) = t**3 - t**2 + 3*t - 6. Let s be a(3). Calculate the greatest common factor of s and c.
21
Suppose 0*o = o - 28. What is the greatest common factor of o and 196?
28
Suppose -6*a + 364 = 20*a. Suppose -27 = -4*c + 29. Calculate the highest common factor of c and a.
14
Suppose -3*g + 15 = -5*p + 2*g, -4*g = 0. Let d be -13 - ((p - -3) + -1). Let m be (-9)/(-1) - d/4. What is the greatest common factor of 108 and m?
12
Suppose 20 = h - 108. Let r = h + -97. What is the highest common factor of r and 341?
31
Let z = -2673 - -2775. Calculate the highest common factor of 374 and z.
34
Suppose -f + 9*f - 768 = 0. Calculate the highest common divisor of f and 12.
12
Let s = 76 - -56. What is the highest common factor of s and 12?
12
Let r be 660/42 - 2/(-7). What is the highest common factor of r and 12?
4
Suppose -72*x - 5*z - 880 = -75*x, 585 = 2*x - 3*z. Calculate the greatest common divisor of x and 30.
15
Let i(j) = 19*j**2 + 1. Let g be i(-1). Let q(z) = -28*z**3 - 2*z**2 + 2*z - 1. Let y be q(1). Let t = 33 + y. What is the highest common factor of g and t?
4
Let c(g) = 41*g**3 - g. Let t be c(-1). Let p = t + 73. Suppose p = 5*a - 27. Calculate the highest common factor of 24 and a.
12
Let i(y) = -33*y**3 - 2*y**2 + 3*y + 3. Let p be i(-2). Suppose -17 = -3*d + 52. Suppose 2*l + d = 69. What is the greatest common factor of p and l?
23
Let r = 322 + -320. Let s(m) = 2*m - 3*m**2 + m**2 + 3*m**2 + 2*m**3. Let u be s(r). Calculate the highest common factor of u and 60.
12
L